 a composite number?
True
Is 3375100901 a prime number?
False
Is 103410369581 prime?
True
Is 41729292151 prime?
False
Is 1257016721 prime?
False
Is 910880206 composite?
True
Is 4339989601 prime?
True
Is 14586137149 prime?
True
Is 2942786423 a composite number?
False
Is 21828064837 prime?
True
Is 56431262963 composite?
False
Is 1869948781 prime?
True
Is 761570701 a composite number?
False
Is 502893534289 a prime number?
True
Is 168616417 a prime number?
True
Is 57744453163 a prime number?
False
Is 297807919505 a composite number?
True
Is 71608480337 a prime number?
True
Is 5214062951 a prime number?
True
Is 152325379 composite?
False
Is 411149077 composite?
False
Is 307297489 a composite number?
True
Is 1656197327 prime?
False
Is 2551788443 composite?
True
Is 29698805047 composite?
True
Is 156210877 prime?
True
Is 3200038789 prime?
False
Is 11588247161 a composite number?
False
Is 12432279053 prime?
True
Is 383352721 a composite number?
True
Is 750970247 a composite number?
False
Is 417571549 prime?
False
Is 11364264727 prime?
True
Is 11621583841 prime?
False
Is 98503981151 composite?
False
Is 65645617 a prime number?
True
Is 139210403 composite?
True
Is 15048120311 composite?
True
Is 1753436059 prime?
True
Is 7517943427 prime?
False
Is 4958919469 prime?
False
Is 867507975517 prime?
True
Is 805711151 a prime number?
False
Is 6266209381 composite?
False
Is 995846861 composite?
False
Is 302053043 composite?
True
Is 20874018029 prime?
True
Is 691174883 composite?
True
Is 1096634051 prime?
True
Is 115970437211 composite?
False
Is 8948146847 a prime number?
True
Is 2899673383 composite?
True
Is 18598095779 a composite number?
False
Is 41553663937 composite?
False
Is 1240110103 a prime number?
False
Is 264808438207 composite?
False
Is 18497359091 a composite number?
True
Is 601983601 a prime number?
False
Is 2593900627 prime?
True
Is 448575119 a prime number?
False
Is 9602602733 composite?
False
Is 451142149 composite?
False
Is 9452047015 a prime number?
False
Is 4255150069 a composite number?
True
Is 90553043 prime?
False
Is 26933843633 a composite number?
True
Is 7717998179 prime?
True
Is 13044257323 prime?
True
Is 2404846139 a prime number?
True
Is 60919306541 a composite number?
True
Is 1168817119 a composite number?
False
Is 31036660297 a prime number?
False
Is 9877077557 a composite number?
False
Is 59732313 a prime number?
False
Is 5131552607 a prime number?
False
Is 6656385667 a prime number?
True
Is 44625069493 prime?
True
Is 1042190857 prime?
True
Is 2365020041 a composite number?
True
Is 54760609 a prime number?
True
Is 207211819 prime?
True
Is 53252357417 a prime number?
False
Is 97558273 composite?
False
Is 472493474935 composite?
True
Is 54299526033 composite?
True
Is 96599959 a prime number?
True
Is 29585449093 composite?
True
Is 273934026183 composite?
True
Is 8347387817 a composite number?
False
Is 304204446907 prime?
True
Is 514225849 composite?
False
Is 241683473 a prime number?
False
Is 37934851819 prime?
True
Is 8568762071 prime?
True
Is 75240640655 composite?
True
Is 13020015133 composite?
False
Is 13298224769 a composite number?
True
Is 7745512457 a prime number?
False
Is 4254541493 a composite number?
True
Is 13797289273 a composite number?
False
Is 2414486927 composite?
False
Is 2429099999 composite?
False
Is 326664257 composite?
False
Is 40783918489 composite?
False
Is 3448175935 a prime number?
False
Is 8483393861 a composite number?
True
Is 455820941 composite?
True
Is 72812710337 a composite number?
True
Is 5987810509 prime?
True
Is 7842625481 composite?
False
Is 640584253 a prime number?
False
Is 191187180746 composite?
True
Is 1629829514 a prime number?
False
Is 644434235 a composite number?
True
Is 240618167 a prime number?
False
Is 425172359 a prime number?
True
Is 25341284433 a composite number?
True
Is 12781756951 prime?
True
Is 29672549779 a composite number?
False
Is 1051362947 prime?
False
Is 19092474853 composite?
False
Is 6367173889 a prime number?
True
Is 9246497993 a composite number?
True
Is 5876815649 a prime number?
False
Is 1531597559 a composite number?
True
Is 41277930131 a composite number?
False
Is 1048165081 prime?
False
Is 1607909411 a composite number?
False
Is 4133456647 a composite number?
False
Is 13637206027 prime?
True
Is 3627571621 a composite number?
False
Is 134740693 a composite number?
True
Is 17731960781 a composite number?
True
Is 24682022459 composite?
True
Is 1255579021 prime?
True
Is 1987151893 prime?
True
Is 9933715697 prime?
True
Is 859950529 composite?
False
Is 6442213987 a prime number?
False
Is 200861777 prime?
True
Is 1041366917 a prime number?
False
Is 3827999027 prime?
False
Is 1252263737 a prime number?
True
Is 30294387139 composite?
True
Is 3837850897 composite?
False
Is 23410386409 a prime number?
True
Is 41376081121 prime?
True
Is 284921103 a composite number?
True
Is 5101489067 prime?
True
Is 279331140821 a prime number?
False
Is 2067383327 prime?
False
Is 22459384663 composite?
True
Is 22727212589 composite?
False
Is 36797864399 composite?
False
Is 23430809323 prime?
True
Is 427560887 a composite number?
True
Is 28646262599 prime?
False
Is 1780779629 prime?
False
Is 23661759599 a composite number?
True
Is 3195856657 composite?
True
Is 1908639209 a composite number?
True
Is 29020812599 a prime number?
True
Is 1973594561 a prime number?
False
Is 3199235209 a composite number?
True
Is 22067217001 prime?
True
Is 4968920501 a prime number?
False
Is 12193854011 a composite number?
False
Is 762635882 a composite number?
True
Is 1808605753 a composite number?
False
Is 524338883 prime?
False
Is 139039729 composite?
False
Is 1644325985 a composite number?
True
Is 105163496107 composite?
False
Is 303175207 prime?
False
Is 125238377827 a composite number?
False
Is 186681502367 a composite number?
False
Is 280299403 a composite number?
True
Is 17814115261 composite?
True
Is 5734654117 a composite number?
False
Is 76817439301 prime?
True
Is 73637527 prime?
False
Is 5978054293 a prime number?
True
Is 72791593499 composite?
True
Is 242501519 composite?
True
Is 698018917 a composite number?
False
Is 718948259 a composite number?
True
Is 1298678653 a prime number?
True
Is 272716573 a prime number?
False
Is 6101427883 a prime number?
True
Is 20087939 a composite number?
False
Is 146641368707 a composite number?
True
Is 18473651929 composite?
True
Is 804940067 prime?
True
Is 1104683161 prime?
False
Is 1968558211 composite?
True
Is 50948491 composite?
True
Is 4322270663 prime?
True
Is 151393481 prime?
True
Is 31997146163 a composite number?
True
Is 57575969993 a composite number?
False
Is 12576632633 prime?
True
Is 126062527919 a prime number?
True
Is 5429150557 a composite number?
False
Is 22809252313 prime?
True
Is 76617771947 a composite number?
True
Is 17908534907 prime?
True
Is 44046577 a prime number?
False
Is 8635712441 a composite number?
True
Is 627354947 a prime number?
True
Is 9126995869 composite?
False
Is 22224487 a composite number?
True
Is 1434036673 a composite number?
True
Is 34367521051 composite?
True
Is 11145708971 composite?
False
Is 384146887 a composite number?
True
Is 323814235 a prime number?
False
Is 34261706033 prime?
False
Is 238931795 a prime number?
False
Is 48743157079 a composite number?
False
Is 35065773167 prime?
False
Is 8078899063 composite?
True
Is 2225627293 composite?
True
Is 4114873459 a prime number?
False
Is 342015931 a composite number?
True
Is 566509859 a prime number?
False
Is 536719789 prime?
False
Is 15878804857 a composite number?
False
Is 1054964705 prime?
False
Is 455967665 composite?
True
Is 2321842489 a composite number?
False
Is 530032819 a composite number?
False
Is 4462688357 a prime number?
True
Is 58237945383 composite?
True
Is 8081929 a composite number?
False
Is 7482722699 prime?
False
Is 1337722357 a composite number?
False
Is 57786276143 a composite number?
True
Is 15044203379 a prime number?
True
Is 87403487 a prime number?
False
Is 1190052547 prime?
False
Is 375259387 prime?
True
Is 688514107 a composite number?
True
Is 52060249 a composite number?
True
Is 6736104077 prime?
True
Is 104660347199 composite?
False
Is 4652348111 a composite number?
True
Is 1143772243 prime?
True
Is 8582151269 a composite number?
True
Is 1965493